 1330637085?
True
Does 69 divide 12817380?
False
Is 10492302 a multiple of 8?
False
Does 21 divide 1114399251?
True
Is 7 a factor of 4928504436?
False
Is 729 a factor of 332306631?
True
Is 9 a factor of 272642616?
True
Is 995 a factor of 50833555?
True
Does 57 divide 20084007?
True
Does 444 divide 42299965?
False
Is 464 a factor of 314663920?
True
Is 91 a factor of 1563844646?
True
Does 149 divide 887520735?
True
Is 1814756 a multiple of 86?
False
Does 3761 divide 17285556?
True
Is 1073612241 a multiple of 3?
True
Does 66 divide 28265160?
True
Does 64 divide 11510464?
True
Does 68 divide 48403349?
False
Is 94415113 a multiple of 43?
False
Is 286188155 a multiple of 55?
True
Is 346 a factor of 1306253377?
False
Does 87 divide 95270133?
True
Does 250 divide 44680558?
False
Is 2405 a factor of 597972081?
False
Is 153 a factor of 29742282?
True
Is 4093 a factor of 1998693760?
True
Is 1942 a factor of 426461258?
True
Does 1803 divide 1335548676?
False
Does 59 divide 35355219?
True
Does 369 divide 183687831?
True
Is 115035219 a multiple of 2899?
True
Is 64759817 a multiple of 4?
False
Is 284959282 a multiple of 72?
False
Is 7457835 a multiple of 587?
True
Is 1256082879 a multiple of 10?
False
Is 6572064 a multiple of 3?
True
Is 425 a factor of 744673?
False
Does 428 divide 296610848?
True
Is 22837392 a multiple of 408?
True
Does 1111 divide 57512026?
True
Does 55 divide 951462138?
False
Is 22 a factor of 492158326?
True
Does 3773 divide 117472355?
True
Is 12 a factor of 9991121?
False
Does 1698 divide 2183811384?
True
Is 19 a factor of 13670538?
True
Is 3050136 a multiple of 243?
True
Is 13 a factor of 23116838?
False
Is 49623243 a multiple of 1196?
False
Does 1924 divide 257127208?
True
Is 316436884 a multiple of 5?
False
Does 225 divide 39070800?
True
Is 278843803 a multiple of 37?
True
Does 12 divide 18442128?
True
Is 22784211 a multiple of 145?
False
Is 89 a factor of 479584416?
False
Is 19 a factor of 144942323?
False
Does 35 divide 291210181?
False
Is 1077618442 a multiple of 733?
False
Does 1514 divide 465249172?
True
Is 9 a factor of 1631502468?
True
Does 135 divide 242352595?
False
Is 9154 a factor of 78211776?
True
Does 45 divide 14367915?
True
Does 17 divide 204936185?
False
Is 47170483 a multiple of 3414?
False
Is 1324144123 a multiple of 37?
True
Is 210 a factor of 12407220?
True
Does 96 divide 7552286?
False
Is 68940927 a multiple of 359?
False
Is 1333181798 a multiple of 6302?
True
Does 129 divide 29091989?
False
Does 1122 divide 11327712?
True
Does 330 divide 822262320?
True
Is 103574712 a multiple of 6?
True
Does 15 divide 919217552?
False
Is 83 a factor of 2673687964?
True
Is 114303230 a multiple of 504?
False
Does 1128 divide 59201189?
False
Is 7 a factor of 13679496?
False
Is 7444 a factor of 2106414316?
False
Is 42546250 a multiple of 337?
True
Is 1517455988 a multiple of 74?
True
Is 262455609 a multiple of 25?
False
Does 17 divide 74223938?
True
Does 599 divide 92529926?
True
Is 35 a factor of 91864917?
False
Does 17 divide 20269270?
True
Is 1483382880 a multiple of 315?
True
Is 239 a factor of 20777943?
True
Is 622894817 a multiple of 711?
False
Is 2350729921 a multiple of 1259?
False
Is 254 a factor of 25253702?
False
Does 250 divide 18770250?
True
Is 1153 a factor of 553025270?
False
Is 15581440 a multiple of 37?
True
Is 38 a factor of 128818168?
False
Is 24 a factor of 37463664?
True
Does 342 divide 2666232?
True
Does 619 divide 217611926?
True
Is 3308 a factor of 262818394?
False
Does 17 divide 101858573?
False
Is 15 a factor of 144448515?
True
Is 618 a factor of 1627749479?
False
Is 108 a factor of 24500448?
True
Does 59 divide 122152076?
False
Is 152858578 a multiple of 25?
False
Is 4944 a factor of 106983216?
True
Is 67587156 a multiple of 1058?
True
Does 2 divide 126002526?
True
Does 49 divide 74136020?
True
Is 120491742 a multiple of 42?
True
Does 9 divide 80699633?
False
Does 3 divide 5690277?
True
Is 103927819 a multiple of 60?
False
Does 2832 divide 2236690944?
True
Does 675 divide 3968841?
False
Is 18981955 a multiple of 3?
False
Does 14 divide 3289719092?
False
Does 29 divide 36754840?
False
Is 202052296 a multiple of 3?
False
Is 66949220 a multiple of 52?
True
Does 11 divide 2137385019?
True
Does 2310 divide 121542960?
True
Is 318798722 a multiple of 506?
True
Is 14 a factor of 1232354452?
True
Does 7642 divide 161046148?
False
Is 784 a factor of 3979163776?
True
Does 29 divide 167969705?
False
Is 3099150 a multiple of 75?
True
Is 135292178 a multiple of 14?
True
Is 2685 a factor of 226755674?
False
Does 21 divide 197368428?
False
Does 3465 divide 361506915?
True
Is 189 a factor of 19509336?
True
Is 1574943479 a multiple of 2482?
False
Is 994325682 a multiple of 119?
True
Is 49 a factor of 108214615?
False
Is 6979055 a multiple of 12?
False
Is 7 a factor of 23476650?
False
Is 1785036351 a multiple of 2801?
False
Is 1357 a factor of 16306036?
False
Is 7 a factor of 88999798?
False
Does 253 divide 67356149?
False
Is 1578591648 a multiple of 12?
True
Is 454221382 a multiple of 10?
False
Is 660 a factor of 19614540?
True
Is 52706026 a multiple of 2246?
False
Is 428201542 a multiple of 15?
False
Does 216 divide 19894422?
False
Does 26 divide 475559294?
False
Is 13 a factor of 11999286?
True
Is 14 a factor of 93192400?
True
Is 710 a factor of 715560720?
True
Does 1150 divide 660440400?
True
Is 7 a factor of 215240426?
False
Does 55 divide 610710345?
False
Does 11 divide 101981763?
False
Is 196 a factor of 104510140?
True
Is 75395484 a multiple of 1325?
False
Does 75 divide 9847742?
False
Is 71766625 a multiple of 25?
True
Is 17 a factor of 112507343?
True
Is 37 a factor of 250650839?
True
Does 5 divide 229210195?
True
Is 54953506 a multiple of 2458?
True
Is 343221022 a multiple of 2739?
False
Is 43 a factor of 128427283?
True
Is 6002443696 a multiple of 31?
True
Does 1115 divide 979114823?
False
Does 2284 divide 182671012?
False
Is 1630 a factor of 4280790760?
True
Is 559 a factor of 3373992?
False
Does 63 divide 136423832?
False
Does 886 divide 19724132?
True
Does 101 divide 34916003?
True
Is 475613740 a multiple of 13?
False
Is 20 a factor of 120165489?
False
Does 30 divide 23810490?
True
Is 5859378 a multiple of 10?
False
Is 738121880 a multiple of 17?
False
Does 10 divide 665962720?
True
Is 2837 a factor of 120944147?
True
Is 1655418047 a multiple of 59?
True
Does 56 divide 3814923560?
True
Is 95072214 a multiple of 6?
True
Does 143 divide 426708192?
False
Is 2305908703 a multiple of 6919?
False
Does 904 divide 2961498496?
False
Is 790279770 a multiple of 9170?
True
Does 16 divide 110251856?
True
Is 385899213 a multiple of 1736?
False
Does 19 divide 564326088?
False
Does 394 divide 10570626?
True
Does 1108 divide 203081311?
False
Is 318 a factor of 173537327?
False
Is 3691416 a multiple of 4?
True
Is 667891055 a multiple of 16?
False
Is 1651 a factor of 753800372?
True
Is 29983670 a multiple of 51?
False
Is 2957 a factor of 39595430?
False
Is 79 a factor of 104243?
False
Is 6499 a factor of 708569718?
False
Is 48 a factor of 853628649?
False
Is 1297 a factor of 284551997?
False
Is 14404555 a multiple of 59?
True
Does 269 divide 478908484?
False
Is 540585206 a multiple of 14?
True
Is 132063395 a multiple of 28?
False
Is 114551358 a multiple of 1689?
True
Does 2478 divide 1267255711?
False
Is 15 a factor of 1420271595?
True
Is 56692150 a multiple of 4264?
False
Is 5443488 a multiple of 16?
True
Is 127601112 a multiple of 726?
False
Is 337810536 a multiple of 188?
False
Does 61 divide 190578925?
False
Does 508 divide 199014588?
True
Does 20 divide 6562571?
False
Does 165 divide 78315342?
False
Is 412386694 a multiple of 123?
False
Is 870596771 a multiple of 70?
False
Does 1163 divide 2605546652?
False
Is 975032 a multiple of 25?
False
Does 10 divide 6190440?
True
Is 199 a factor of 118782105?
True
Is 1649612874 a multiple of 91?
True
Does 6301 divide 2920324470?
True
Is 69854160 a multiple of 15?
True
Does 48 divide 322546656?
True
Is 136 a factor of 10528715?
False
Does 58 divide 543956942?
False
Is 1194619353 a multiple of 76?
False
Does 72 divide 6321486?
False
Is 1469947160 a multiple of 76?
True
Is 26485330 a multiple of 106?
False
Is 277166419 a multiple of 4?
False
Is 47473610 a multiple of 292?
False
Is 